 remainder when 928773 is divided by 326.
325
What is the remainder when 51682 is divided by 247?
59
Calculate the remainder when 7599 is divided by 217.
4
What is the remainder when 21445 is divided by 9?
7
Calculate the remainder when 338696 is divided by 85.
56
What is the remainder when 18612 is divided by 6156?
144
Calculate the remainder when 180033 is divided by 513.
483
What is the remainder when 4567 is divided by 1378?
433
Calculate the remainder when 251645 is divided by 233.
5
What is the remainder when 5652908 is divided by 16?
12
What is the remainder when 37222 is divided by 300?
22
What is the remainder when 52974 is divided by 52973?
1
What is the remainder when 22213 is divided by 5546?
29
Calculate the remainder when 942595 is divided by 243.
241
What is the remainder when 132437 is divided by 22?
19
What is the remainder when 2064 is divided by 8?
0
Calculate the remainder when 1591 is divided by 1566.
25
Calculate the remainder when 238598 is divided by 42.
38
Calculate the remainder when 111852 is divided by 55925.
2
Calculate the remainder when 38707 is divided by 1490.
1457
Calculate the remainder when 3787 is divided by 633.
622
Calculate the remainder when 4144 is divided by 203.
84
What is the remainder when 54382 is divided by 8?
6
Calculate the remainder when 13011 is divided by 28.
19
What is the remainder when 2133 is divided by 1038?
57
What is the remainder when 51038 is divided by 173?
3
What is the remainder when 5669 is divided by 5659?
10
What is the remainder when 6725 is divided by 2200?
125
Calculate the remainder when 30627 is divided by 28.
23
What is the remainder when 1007717 is divided by 377?
373
Calculate the remainder when 139195 is divided by 17.
16
What is the remainder when 8117 is divided by 102?
59
Calculate the remainder when 122709 is divided by 40900.
9
Calculate the remainder when 35695 is divided by 5099.
2
What is the remainder when 89568 is divided by 44699?
170
What is the remainder when 5786 is divided by 160?
26
What is the remainder when 61620 is divided by 30806?
8
What is the remainder when 1060299 is divided by 11?
9
Calculate the remainder when 6290 is divided by 2090.
20
Calculate the remainder when 5019 is divided by 2013.
993
Calculate the remainder when 5169 is divided by 20.
9
Calculate the remainder when 2465 is divided by 189.
8
Calculate the remainder when 2523161 is divided by 114.
113
Calculate the remainder when 64270 is divided by 989.
974
Calculate the remainder when 1971 is divided by 1057.
914
Calculate the remainder when 281540 is divided by 10.
0
What is the remainder when 7974 is divided by 7961?
13
What is the remainder when 2014570 is divided by 4610?
0
What is the remainder when 2187 is divided by 655?
222
What is the remainder when 21675 is divided by 139?
130
Calculate the remainder when 282197 is divided by 1053.
1046
What is the remainder when 1050 is divided by 257?
22
Calculate the remainder when 784026 is divided by 75.
51
What is the remainder when 71002 is divided by 22?
8
Calculate the remainder when 1436 is divided by 690.
56
What is the remainder when 20762 is divided by 801?
737
What is the remainder when 9755 is divided by 811?
23
Calculate the remainder when 13503 is divided by 56.
7
What is the remainder when 9500 is divided by 11?
7
What is the remainder when 286793 is divided by 317?
225
Calculate the remainder when 782 is divided by 768.
14
What is the remainder when 133672 is divided by 19?
7
What is the remainder when 3509 is divided by 746?
525
What is the remainder when 4092 is divided by 55?
22
Calculate the remainder when 3243 is divided by 253.
207
What is the remainder when 5526 is divided by 1804?
114
Calculate the remainder when 176783 is divided by 458.
453
What is the remainder when 92869 is divided by 23?
18
What is the remainder when 4097 is divided by 229?
204
Calculate the remainder when 37759 is divided by 87.
1
Calculate the remainder when 8980 is divided by 31.
21
Calculate the remainder when 41660 is divided by 168.
164
Calculate the remainder when 2692 is divided by 550.
492
What is the remainder when 2529 is divided by 338?
163
Calculate the remainder when 6123 is divided by 2983.
157
What is the remainder when 19153 is divided by 168?
1
What is the remainder when 3175 is divided by 152?
135
Calculate the remainder when 5043 is divided by 4991.
52
Calculate the remainder when 348265 is divided by 12438.
1
What is the remainder when 20004 is divided by 1053?
1050
Calculate the remainder when 2464 is divided by 222.
22
What is the remainder when 3196 is divided by 798?
4
Calculate the remainder when 109328 is divided by 27330.
8
What is the remainder when 7954 is divided by 419?
412
What is the remainder when 7995 is divided by 1719?
1119
What is the remainder when 8429 is divided by 367?
355
Calculate the remainder when 9084 is divided by 344.
140
What is the remainder when 19817 is divided by 56?
49
Calculate the remainder when 32364 is divided by 1155.
24
What is the remainder when 254668 is divided by 2768?
12
What is the remainder when 81232 is divided by 9?
7
Calculate the remainder when 112517 is divided by 116.
113
Calculate the remainder when 54734 is divided by 1226.
790
Calculate the remainder when 3037 is divided by 1489.
59
Calculate the remainder when 242773 is divided by 7.
6
What is the remainder when 12532 is divided by 212?
24
Calculate the remainder when 11582 is divided by 63.
53
Calculate the remainder when 5205 is divided by 185.
25
Calculate the remainder when 735 is divided by 90.
15
What is the remainder when 17462 is divided by 148?
146
What is the remainder when 134287 is divided by 107?
2
Calculate the remainder when 2451 is divided by 267.
48
What is the remainder when 13066 is divided by 12?
10
Calculate the remainder when 5348 is divided by 1725.
173
Calculate the remainder when 3044 is divided by 500.
44
Calculate the remainder when 46098 is divided by 74.
70
Calculate the remainder when 1588810 is divided by 186.
184
Calculate the remainder when 6843 is divided by 1140.
3
What is the remainder when 11310 is divided by 1027?
13
What is the remainder when 2495 is divided by 212?
163
Calculate the remainder when 10475 is divided by 193.
53
What is the remainder when 511903 is divided by 906?
13
What is the remainder when 1311 is divided by 35?
16
Calculate the remainder when 1115 is divided by 21.
2
Calculate the remainder when 146305 is divided by 7.
5
What is the remainder when 499091 is divided by 627?
626
Calculate the remainder when 259 is divided by 177.
82
Calculate the remainder when 76239 is divided by 6930.
9
What is the remainder when 107506 is divided by 53745?
16
Calculate the remainder when 594737 is divided by 9.
8
Calculate the remainder when 4419 is divided by 265.
179
What is the remainder when 40670 is divided by 53?
19
What is the remainder when 36794 is divided by 9198?
2
Calculate the remainder when 228721 is divided by 13.
12
Calculate the remainder when 5120 is divided by 1020.
20
What is the remainder when 17022 is divided by 395?
37
What is the remainder when 22056 is divided by 89?
73
What is the remainder when 251753 is divided by 99?
95
What is the remainder when 85512 is divided by 3054?
0
What is the remainder when 707848 is divided by 286?
284
What is the remainder when 5946 is divided by 98?
66
What is the remainder when 223445 is divided by 7207?
28
What is the remainder when 116444 is divided by 83?
78
Calculate the remainder when 35657 is divided by 110.
17
Calculate the remainder when 17580 is divided by 488.
12
What is the remainder when 9773 is divided by 2399?
177
Calculate the remainder when 14574 is divided by 71.
19
What is the remainder when 44693 is divided by 3192?
5
What is the remainder when 127566 is divided by 268?
266
Calculate the remainder when 582425 is divided by 1342.
1339
Calculate the remainder when 514963 is divided by 34330.
13
Calculate the remainder when 3347 is divided by 679.
631
What is the remainder when 9196 is divided by 3059?
19
Calculate the remainder when 3582 is divided by 3573.
9
Calculate the remainder when 3382 is divided by 371.
43
What is the remainder when 6777 is divided by 67?
10
Calculate the remainder w